[INFO] cloning repository https://github.com/andyrsmith/learnRust
[INFO] running `Command { std: "git" "-c" "credential.helper=" "-c" "credential.helper=/workspace/cargo-home/bin/git-credential-null" "clone" "--bare" "https://github.com/andyrsmith/learnRust" "/workspace/cache/git-repos/https%3A%2F%2Fgithub.com%2Fandyrsmith%2FlearnRust", kill_on_drop: false }`
[INFO] [stderr] Cloning into bare repository '/workspace/cache/git-repos/https%3A%2F%2Fgithub.com%2Fandyrsmith%2FlearnRust'...
[INFO] running `Command { std: "git" "rev-parse" "HEAD", kill_on_drop: false }`
[INFO] [stdout] 949a3a32920d0f6334aff1669018a0236040dffd
[INFO] checking andyrsmith/learnRust against master#9610dfe5a9a731ced1ea4923ecbd0c57fe367898 for beta-170-4
[INFO] running `Command { std: "git" "clone" "/workspace/cache/git-repos/https%3A%2F%2Fgithub.com%2Fandyrsmith%2FlearnRust" "/workspace/builds/worker-2-tc1/source", kill_on_drop: false }`
[INFO] [stderr] Cloning into '/workspace/builds/worker-2-tc1/source'...
[INFO] [stderr] done.
[INFO] validating manifest of git repo https://github.com/andyrsmith/learnRust on toolchain 9610dfe5a9a731ced1ea4923ecbd0c57fe367898
[INFO] running `Command { std: CARGO_HOME="/workspace/cargo-home" RUSTUP_HOME="/workspace/rustup-home" "/workspace/cargo-home/bin/cargo" "+9610dfe5a9a731ced1ea4923ecbd0c57fe367898" "metadata" "--manifest-path" "Cargo.toml" "--no-deps", kill_on_drop: false }`
[INFO] started tweaking git repo https://github.com/andyrsmith/learnRust
[INFO] finished tweaking git repo https://github.com/andyrsmith/learnRust
[INFO] tweaked toml for git repo https://github.com/andyrsmith/learnRust written to /workspace/builds/worker-2-tc1/source/Cargo.toml
[INFO] crate git repo https://github.com/andyrsmith/learnRust already has a lockfile, it will not be regenerated
[INFO] running `Command { std: CARGO_HOME="/workspace/cargo-home" RUSTUP_HOME="/workspace/rustup-home" "/workspace/cargo-home/bin/cargo" "+9610dfe5a9a731ced1ea4923ecbd0c57fe367898" "fetch" "--manifest-path" "Cargo.toml", kill_on_drop: false }`
[INFO] [stderr] warning: path `/workspace/builds/worker-2-tc1/source/src/pin_cracker.rs` was erroneously implicitly accepted for binary `pin_cracker`,
[INFO] [stderr] please set bin.path in Cargo.toml
[INFO] running `Command { std: "docker" "create" "-v" "/var/lib/crater-agent-workspace/builds/worker-2-tc1/target:/opt/rustwide/target:rw,Z" "-v" "/var/lib/crater-agent-workspace/builds/worker-2-tc1/source:/opt/rustwide/workdir:ro,Z" "-v" "/var/lib/crater-agent-workspace/cargo-home:/opt/rustwide/cargo-home:ro,Z" "-v" "/var/lib/crater-agent-workspace/rustup-home:/opt/rustwide/rustup-home:ro,Z" "-e" "SOURCE_DIR=/opt/rustwide/workdir" "-e" "CARGO_TARGET_DIR=/opt/rustwide/target" "-e" "CARGO_HOME=/opt/rustwide/cargo-home" "-e" "RUSTUP_HOME=/opt/rustwide/rustup-home" "-w" "/opt/rustwide/workdir" "-m" "1610612736" "--user" "0:0" "--network" "none" "ghcr.io/rust-lang/crates-build-env/linux@sha256:19e73879b68f455e41552ea35293514db52ea292d993f571636dbffedb77a1ee" "/opt/rustwide/cargo-home/bin/cargo" "+9610dfe5a9a731ced1ea4923ecbd0c57fe367898" "metadata" "--no-deps" "--format-version=1", kill_on_drop: false }`
[INFO] [stdout] 7fe6e61d11d7dc4b3a539bdc1fae1006528f38e77f5344994829597f9dc5446e
[INFO] running `Command { std: "docker" "start" "-a" "7fe6e61d11d7dc4b3a539bdc1fae1006528f38e77f5344994829597f9dc5446e", kill_on_drop: false }`
[INFO] running `Command { std: "docker" "inspect" "7fe6e61d11d7dc4b3a539bdc1fae1006528f38e77f5344994829597f9dc5446e", kill_on_drop: false }`
[INFO] running `Command { std: "docker" "rm" "-f" "7fe6e61d11d7dc4b3a539bdc1fae1006528f38e77f5344994829597f9dc5446e", kill_on_drop: false }`
[INFO] [stdout] 7fe6e61d11d7dc4b3a539bdc1fae1006528f38e77f5344994829597f9dc5446e
[INFO] running `Command { std: "docker" "create" "-v" "/var/lib/crater-agent-workspace/builds/worker-2-tc1/target:/opt/rustwide/target:rw,Z" "-v" "/var/lib/crater-agent-workspace/builds/worker-2-tc1/source:/opt/rustwide/workdir:ro,Z" "-v" "/var/lib/crater-agent-workspace/cargo-home:/opt/rustwide/cargo-home:ro,Z" "-v" "/var/lib/crater-agent-workspace/rustup-home:/opt/rustwide/rustup-home:ro,Z" "-e" "SOURCE_DIR=/opt/rustwide/workdir" "-e" "CARGO_TARGET_DIR=/opt/rustwide/target" "-e" "CARGO_INCREMENTAL=0" "-e" "RUST_BACKTRACE=full" "-e" "RUSTFLAGS=--cap-lints=forbid" "-e" "RUSTDOCFLAGS=--cap-lints=forbid" "-e" "CARGO_HOME=/opt/rustwide/cargo-home" "-e" "RUSTUP_HOME=/opt/rustwide/rustup-home" "-w" "/opt/rustwide/workdir" "-m" "1610612736" "--user" "0:0" "--network" "none" "ghcr.io/rust-lang/crates-build-env/linux@sha256:19e73879b68f455e41552ea35293514db52ea292d993f571636dbffedb77a1ee" "/opt/rustwide/cargo-home/bin/cargo" "+9610dfe5a9a731ced1ea4923ecbd0c57fe367898" "check" "--frozen" "--all" "--all-targets" "--message-format=json", kill_on_drop: false }`
[INFO] [stdout] 487d81a4793011014903e2e8147b2fb2e575b7b2dbe9658281453b728c57d342
[INFO] running `Command { std: "docker" "start" "-a" "487d81a4793011014903e2e8147b2fb2e575b7b2dbe9658281453b728c57d342", kill_on_drop: false }`
[INFO] [stderr] warning: path `/opt/rustwide/workdir/src/pin_cracker.rs` was erroneously implicitly accepted for binary `pin_cracker`,
[INFO] [stderr] please set bin.path in Cargo.toml
[INFO] [stderr]     Checking pin_cracker v0.0.1 (/opt/rustwide/workdir)
[INFO] [stdout] error[E0463]: can't find crate for `time`
[INFO] [stdout]  --> src/pin_cracker.rs:2:1
[INFO] [stdout]   |
[INFO] [stdout] 2 | extern crate time;
[INFO] [stdout]   | ^^^^^^^^^^^^^^^^^^ can't find crate
[INFO] [stdout] 
[INFO] [stdout] 
[INFO] [stdout] error: unknown format trait `d`
[INFO] [stdout]   --> src/pin_cracker.rs:97:34
[INFO] [stdout]    |
[INFO] [stdout] 97 |     Value(n) => println!("x is {:d}", n),
[INFO] [stdout]    |                                  ^
[INFO] [stdout]    |
[INFO] [stdout]    = note: the only appropriate formatting traits are:
[INFO] [stdout]            - ``, which uses the `Display` trait
[INFO] [stdout]            - `?`, which uses the `Debug` trait
[INFO] [stdout]            - `e`, which uses the `LowerExp` trait
[INFO] [stdout]            - `E`, which uses the `UpperExp` trait
[INFO] [stdout]            - `o`, which uses the `Octal` trait
[INFO] [stdout]            - `p`, which uses the `Pointer` trait
[INFO] [stdout]            - `b`, which uses the `Binary` trait
[INFO] [stdout]            - `x`, which uses the `LowerHex` trait
[INFO] [stdout]            - `X`, which uses the `UpperHex` trait
[INFO] [stdout] 
[INFO] [stdout] 
[INFO] [stdout] error: unknown format trait `d`
[INFO] [stdout]    --> src/pin_cracker.rs:101:34
[INFO] [stdout]     |
[INFO] [stdout] 101 |     Value(n) => println!("x ix {:d}", n),
[INFO] [stdout]     |                                  ^
[INFO] [stdout]     |
[INFO] [stdout]     = note: the only appropriate formatting traits are:
[INFO] [stdout]             - ``, which uses the `Display` trait
[INFO] [stdout]             - `?`, which uses the `Debug` trait
[INFO] [stdout]             - `e`, which uses the `LowerExp` trait
[INFO] [stdout]             - `E`, which uses the `UpperExp` trait
[INFO] [stdout]             - `o`, which uses the `Octal` trait
[INFO] [stdout]             - `p`, which uses the `Pointer` trait
[INFO] [stdout]             - `b`, which uses the `Binary` trait
[INFO] [stdout]             - `x`, which uses the `LowerHex` trait
[INFO] [stdout]             - `X`, which uses the `UpperHex` trait
[INFO] [stdout] 
[INFO] [stdout] 
[INFO] [stdout] error: unknown format trait `d`
[INFO] [stdout]    --> src/pin_cracker.rs:127:17
[INFO] [stdout]     |
[INFO] [stdout] 127 |     println!("{:d}", x);
[INFO] [stdout]     |                 ^
[INFO] [stdout]     |
[INFO] [stdout]     = note: the only appropriate formatting traits are:
[INFO] [stdout]             - ``, which uses the `Display` trait
[INFO] [stdout]             - `?`, which uses the `Debug` trait
[INFO] [stdout]             - `e`, which uses the `LowerExp` trait
[INFO] [stdout]             - `E`, which uses the `UpperExp` trait
[INFO] [stdout]             - `o`, which uses the `Octal` trait
[INFO] [stdout]             - `p`, which uses the `Pointer` trait
[INFO] [stdout]             - `b`, which uses the `Binary` trait
[INFO] [stdout]             - `x`, which uses the `LowerHex` trait
[INFO] [stdout]             - `X`, which uses the `UpperHex` trait
[INFO] [stdout] 
[INFO] [stdout] 
[INFO] [stdout] error[E0463]: can't find crate for `time`
[INFO] [stdout]  --> src/pin_cracker.rs:2:1
[INFO] [stdout]   |
[INFO] [stdout] 2 | extern crate time;
[INFO] [stdout]   | ^^^^^^^^^^^^^^^^^^ can't find crate
[INFO] [stdout] 
[INFO] [stdout] 
[INFO] [stdout] error: unknown format trait `d`
[INFO] [stdout]   --> src/pin_cracker.rs:97:34
[INFO] [stdout]    |
[INFO] [stdout] 97 |     Value(n) => println!("x is {:d}", n),
[INFO] [stdout]    |                                  ^
[INFO] [stdout]    |
[INFO] [stdout]    = note: the only appropriate formatting traits are:
[INFO] [stdout]            - ``, which uses the `Display` trait
[INFO] [stdout]            - `?`, which uses the `Debug` trait
[INFO] [stdout]            - `e`, which uses the `LowerExp` trait
[INFO] [stdout]            - `E`, which uses the `UpperExp` trait
[INFO] [stdout]            - `o`, which uses the `Octal` trait
[INFO] [stdout]            - `p`, which uses the `Pointer` trait
[INFO] [stdout]            - `b`, which uses the `Binary` trait
[INFO] [stdout]            - `x`, which uses the `LowerHex` trait
[INFO] [stdout]            - `X`, which uses the `UpperHex` trait
[INFO] [stdout] 
[INFO] [stdout] 
[INFO] [stdout] error: unknown format trait `d`
[INFO] [stdout]    --> src/pin_cracker.rs:101:34
[INFO] [stdout]     |
[INFO] [stdout] 101 |     Value(n) => println!("x ix {:d}", n),
[INFO] [stdout]     |                                  ^
[INFO] [stdout]     |
[INFO] [stdout]     = note: the only appropriate formatting traits are:
[INFO] [stdout]             - ``, which uses the `Display` trait
[INFO] [stdout]             - `?`, which uses the `Debug` trait
[INFO] [stdout]             - `e`, which uses the `LowerExp` trait
[INFO] [stdout]             - `E`, which uses the `UpperExp` trait
[INFO] [stdout]             - `o`, which uses the `Octal` trait
[INFO] [stdout]             - `p`, which uses the `Pointer` trait
[INFO] [stdout]             - `b`, which uses the `Binary` trait
[INFO] [stdout]             - `x`, which uses the `LowerHex` trait
[INFO] [stdout]             - `X`, which uses the `UpperHex` trait
[INFO] [stdout] 
[INFO] [stdout] 
[INFO] [stdout] error: unknown format trait `d`
[INFO] [stdout]    --> src/pin_cracker.rs:127:17
[INFO] [stdout]     |
[INFO] [stdout] 127 |     println!("{:d}", x);
[INFO] [stdout]     |                 ^
[INFO] [stdout]     |
[INFO] [stdout]     = note: the only appropriate formatting traits are:
[INFO] [stdout]             - ``, which uses the `Display` trait
[INFO] [stdout]             - `?`, which uses the `Debug` trait
[INFO] [stdout]             - `e`, which uses the `LowerExp` trait
[INFO] [stdout]             - `E`, which uses the `UpperExp` trait
[INFO] [stdout]             - `o`, which uses the `Octal` trait
[INFO] [stdout]             - `p`, which uses the `Pointer` trait
[INFO] [stdout]             - `b`, which uses the `Binary` trait
[INFO] [stdout]             - `x`, which uses the `LowerHex` trait
[INFO] [stdout]             - `X`, which uses the `UpperHex` trait
[INFO] [stdout] 
[INFO] [stdout] 
[INFO] [stdout] error[E0412]: cannot find type `int` in this scope
[INFO] [stdout]  --> src/pin_cracker.rs:6:6
[INFO] [stdout]   |
[INFO] [stdout] 6 |   x: int,
[INFO] [stdout]   |      ^^^
[INFO] [stdout]   |      |
[INFO] [stdout]   |      not found in this scope
[INFO] [stdout]   |      help: perhaps you intended to use this type: `i32`
[INFO] [stdout] 
[INFO] [stdout] 
[INFO] [stdout] error[E0412]: cannot find type `int` in this scope
[INFO] [stdout]  --> src/pin_cracker.rs:7:6
[INFO] [stdout]   |
[INFO] [stdout] 7 |   y: int,
[INFO] [stdout]   |      ^^^
[INFO] [stdout]   |      |
[INFO] [stdout]   |      not found in this scope
[INFO] [stdout]   |      help: perhaps you intended to use this type: `i32`
[INFO] [stdout] 
[INFO] [stdout] 
[INFO] [stdout] error[E0412]: cannot find type `int` in this scope
[INFO] [stdout]   --> src/pin_cracker.rs:11:9
[INFO] [stdout]    |
[INFO] [stdout] 11 |   Value(int),
[INFO] [stdout]    |         ^^^
[INFO] [stdout]    |         |
[INFO] [stdout]    |         not found in this scope
[INFO] [stdout]    |         help: perhaps you intended to use this type: `i32`
[INFO] [stdout] 
[INFO] [stdout] 
[INFO] [stdout] error[E0412]: cannot find type `int` in this scope
[INFO] [stdout]   --> src/pin_cracker.rs:47:17
[INFO] [stdout]    |
[INFO] [stdout] 47 | fn crack_pin(x: int, y: int){
[INFO] [stdout]    |                 ^^^
[INFO] [stdout]    |                 |
[INFO] [stdout]    |                 not found in this scope
[INFO] [stdout]    |                 help: perhaps you intended to use this type: `i32`
[INFO] [stdout] 
[INFO] [stdout] 
[INFO] [stdout] error[E0412]: cannot find type `int` in this scope
[INFO] [stdout]   --> src/pin_cracker.rs:47:25
[INFO] [stdout]    |
[INFO] [stdout] 47 | fn crack_pin(x: int, y: int){
[INFO] [stdout]    |                         ^^^
[INFO] [stdout]    |                         |
[INFO] [stdout]    |                         not found in this scope
[INFO] [stdout]    |                         help: perhaps you intended to use this type: `i32`
[INFO] [stdout] 
[INFO] [stdout] 
[INFO] [stdout] error[E0412]: cannot find type `int` in this scope
[INFO] [stdout]   --> src/pin_cracker.rs:55:15
[INFO] [stdout]    |
[INFO] [stdout] 55 | fn add_one(x: int) -> int {
[INFO] [stdout]    |               ^^^
[INFO] [stdout]    |               |
[INFO] [stdout]    |               not found in this scope
[INFO] [stdout]    |               help: perhaps you intended to use this type: `i32`
[INFO] [stdout] 
[INFO] [stdout] 
[INFO] [stdout] error[E0412]: cannot find type `int` in this scope
[INFO] [stdout]   --> src/pin_cracker.rs:55:23
[INFO] [stdout]    |
[INFO] [stdout] 55 | fn add_one(x: int) -> int {
[INFO] [stdout]    |                       ^^^
[INFO] [stdout]    |                       |
[INFO] [stdout]    |                       not found in this scope
[INFO] [stdout]    |                       help: perhaps you intended to use this type: `i32`
[INFO] [stdout] 
[INFO] [stdout] 
[INFO] [stdout] error[E0412]: cannot find type `int` in this scope
[INFO] [stdout]   --> src/pin_cracker.rs:59:16
[INFO] [stdout]    |
[INFO] [stdout] 59 | fn next_two(x: int) -> (int, int) { (x + 1i, x+2i) }
[INFO] [stdout]    |                ^^^
[INFO] [stdout]    |                |
[INFO] [stdout]    |                not found in this scope
[INFO] [stdout]    |                help: perhaps you intended to use this type: `i32`
[INFO] [stdout] 
[INFO] [stdout] 
[INFO] [stdout] error[E0412]: cannot find type `int` in this scope
[INFO] [stdout]   --> src/pin_cracker.rs:59:25
[INFO] [stdout]    |
[INFO] [stdout] 59 | fn next_two(x: int) -> (int, int) { (x + 1i, x+2i) }
[INFO] [stdout]    |                         ^^^
[INFO] [stdout]    |                         |
[INFO] [stdout]    |                         not found in this scope
[INFO] [stdout]    |                         help: perhaps you intended to use this type: `i32`
[INFO] [stdout] 
[INFO] [stdout] 
[INFO] [stdout] error[E0412]: cannot find type `int` in this scope
[INFO] [stdout]   --> src/pin_cracker.rs:59:30
[INFO] [stdout]    |
[INFO] [stdout] 59 | fn next_two(x: int) -> (int, int) { (x + 1i, x+2i) }
[INFO] [stdout]    |                              ^^^
[INFO] [stdout]    |                              |
[INFO] [stdout]    |                              not found in this scope
[INFO] [stdout]    |                              help: perhaps you intended to use this type: `i32`
[INFO] [stdout] 
[INFO] [stdout] 
[INFO] [stdout] error[E0412]: cannot find type `int` in this scope
[INFO] [stdout]   --> src/pin_cracker.rs:60:26
[INFO] [stdout]    |
[INFO] [stdout] 60 | fn print_something(code: int){
[INFO] [stdout]    |                          ^^^
[INFO] [stdout]    |                          |
[INFO] [stdout]    |                          not found in this scope
[INFO] [stdout]    |                          help: perhaps you intended to use this type: `i32`
[INFO] [stdout] 
[INFO] [stdout] 
[INFO] [stdout] error[E0412]: cannot find type `int` in this scope
[INFO] [stdout]   --> src/pin_cracker.rs:86:24
[INFO] [stdout]    |
[INFO] [stdout] 86 | fn if_else_value(five: int) {
[INFO] [stdout]    |                        ^^^
[INFO] [stdout]    |                        |
[INFO] [stdout]    |                        not found in this scope
[INFO] [stdout]    |                        help: perhaps you intended to use this type: `i32`
[INFO] [stdout] 
[INFO] [stdout] 
[INFO] [stdout] error[E0425]: cannot find function, tuple struct or tuple variant `Value` in this scope
[INFO] [stdout]   --> src/pin_cracker.rs:93:20
[INFO] [stdout]    |
[INFO] [stdout] 93 |   let real_value = Value(5);
[INFO] [stdout]    |                    ^^^^^ not found in this scope
[INFO] [stdout]    |
[INFO] [stdout] help: consider importing this tuple variant
[INFO] [stdout]    |
[INFO] [stdout] 1  + use OptionalInt::Value;
[INFO] [stdout]    |
[INFO] [stdout] 
[INFO] [stdout] 
[INFO] [stdout] error[E0425]: cannot find value `Missing` in this scope
[INFO] [stdout]   --> src/pin_cracker.rs:94:20
[INFO] [stdout]    |
[INFO] [stdout] 94 |   let fake_value = Missing;
[INFO] [stdout]    |                    ^^^^^^^ not found in this scope
[INFO] [stdout]    |
[INFO] [stdout] help: consider importing this unit variant
[INFO] [stdout]    |
[INFO] [stdout] 1  + use OptionalInt::Missing;
[INFO] [stdout]    |
[INFO] [stdout] 
[INFO] [stdout] 
[INFO] [stdout] error[E0531]: cannot find tuple struct or tuple variant `Value` in this scope
[INFO] [stdout]   --> src/pin_cracker.rs:97:5
[INFO] [stdout]    |
[INFO] [stdout] 97 |     Value(n) => println!("x is {:d}", n),
[INFO] [stdout]    |     ^^^^^ not found in this scope
[INFO] [stdout]    |
[INFO] [stdout] help: consider importing this tuple variant
[INFO] [stdout]    |
[INFO] [stdout] 1  + use OptionalInt::Value;
[INFO] [stdout]    |
[INFO] [stdout] 
[INFO] [stdout] 
[INFO] [stdout] error[E0531]: cannot find tuple struct or tuple variant `Value` in this scope
[INFO] [stdout]    --> src/pin_cracker.rs:101:5
[INFO] [stdout]     |
[INFO] [stdout] 101 |     Value(n) => println!("x ix {:d}", n),
[INFO] [stdout]     |     ^^^^^ not found in this scope
[INFO] [stdout]     |
[INFO] [stdout] help: consider importing this tuple variant
[INFO] [stdout]     |
[INFO] [stdout] 1   + use OptionalInt::Value;
[INFO] [stdout]     |
[INFO] [stdout] 
[INFO] [stdout] 
[INFO] [stdout] error[E0425]: cannot find function `range` in this scope
[INFO] [stdout]    --> src/pin_cracker.rs:126:12
[INFO] [stdout]     |
[INFO] [stdout] 126 |   for x in range(0i, 10i) {
[INFO] [stdout]     |            ^^^^^ not found in this scope
[INFO] [stdout]     |
[INFO] [stdout] help: consider importing this function
[INFO] [stdout]     |
[INFO] [stdout] 1   + use std::slice::range;
[INFO] [stdout]     |
[INFO] [stdout] 
[INFO] [stdout] 
[INFO] [stdout] error: invalid suffix `i` for number literal
[INFO] [stdout]   --> src/pin_cracker.rs:17:23
[INFO] [stdout]    |
[INFO] [stdout] 17 |   let (code, five) = (111995i, 5i);
[INFO] [stdout]    |                       ^^^^^^^ invalid suffix `i`
[INFO] [stdout]    |
[INFO] [stdout]    = help: the suffix must be one of the numeric types (`u32`, `isize`, `f32`, etc.)
[INFO] [stdout] 
[INFO] [stdout] 
[INFO] [stdout] error: invalid suffix `i` for number literal
[INFO] [stdout]   --> src/pin_cracker.rs:17:32
[INFO] [stdout]    |
[INFO] [stdout] 17 |   let (code, five) = (111995i, 5i);
[INFO] [stdout]    |                                ^^ invalid suffix `i`
[INFO] [stdout]    |
[INFO] [stdout]    = help: the suffix must be one of the numeric types (`u32`, `isize`, `f32`, etc.)
[INFO] [stdout] 
[INFO] [stdout] 
[INFO] [stdout] error: invalid suffix `i` for number literal
[INFO] [stdout]   --> src/pin_cracker.rs:48:19
[INFO] [stdout]    |
[INFO] [stdout] 48 |   let mut guess = 1i;
[INFO] [stdout]    |                   ^^ invalid suffix `i`
[INFO] [stdout]    |
[INFO] [stdout]    = help: the suffix must be one of the numeric types (`u32`, `isize`, `f32`, etc.)
[INFO] [stdout] 
[INFO] [stdout] 
[INFO] [stdout] error[E0412]: cannot find type `int` in this scope
[INFO] [stdout]  --> src/pin_cracker.rs:6:6
[INFO] [stdout]   |
[INFO] [stdout] 6 |   x: int,
[INFO] [stdout]   |      ^^^
[INFO] [stdout]   |      |
[INFO] [stdout]   |      not found in this scope
[INFO] [stdout]   |      help: perhaps you intended to use this type: `i32`
[INFO] [stdout] 
[INFO] [stdout] 
[INFO] [stdout] error: invalid suffix `i` for number literal
[INFO] [stdout]   --> src/pin_cracker.rs:59:42
[INFO] [stdout]    |
[INFO] [stdout] 59 | fn next_two(x: int) -> (int, int) { (x + 1i, x+2i) }
[INFO] [stdout]    |                                          ^^ invalid suffix `i`
[INFO] [stdout]    |
[INFO] [stdout]    = help: the suffix must be one of the numeric types (`u32`, `isize`, `f32`, etc.)
[INFO] [stdout] 
[INFO] [stdout] 
[INFO] [stdout] error[E0412]: cannot find type `int` in this scope
[INFO] [stdout]  --> src/pin_cracker.rs:7:6
[INFO] [stdout]   |
[INFO] [stdout] 7 |   y: int,
[INFO] [stdout]   |      ^^^
[INFO] [stdout]   |      |
[INFO] [stdout]   |      not found in this scope
[INFO] [stdout]   |      help: perhaps you intended to use this type: `i32`
[INFO] [stdout] 
[INFO] [stdout] 
[INFO] [stdout] error: invalid suffix `i` for number literal
[INFO] [stdout]   --> src/pin_cracker.rs:59:48
[INFO] [stdout]    |
[INFO] [stdout] 59 | fn next_two(x: int) -> (int, int) { (x + 1i, x+2i) }
[INFO] [stdout]    |                                                ^^ invalid suffix `i`
[INFO] [stdout]    |
[INFO] [stdout]    = help: the suffix must be one of the numeric types (`u32`, `isize`, `f32`, etc.)
[INFO] [stdout] 
[INFO] [stdout] 
[INFO] [stdout] error[E0412]: cannot find type `int` in this scope
[INFO] [stdout]   --> src/pin_cracker.rs:11:9
[INFO] [stdout]    |
[INFO] [stdout] 11 |   Value(int),
[INFO] [stdout]    |         ^^^
[INFO] [stdout]    |         |
[INFO] [stdout]    |         not found in this scope
[INFO] [stdout]    |         help: perhaps you intended to use this type: `i32`
[INFO] [stdout] 
[INFO] [stdout] 
[INFO] [stdout] error: invalid suffix `i` for number literal
[INFO] [stdout]   --> src/pin_cracker.rs:69:22
[INFO] [stdout]    |
[INFO] [stdout] 69 |   let first_match = (1i,2i,3i);
[INFO] [stdout]    |                      ^^ invalid suffix `i`
[INFO] [stdout]    |
[INFO] [stdout]    = help: the suffix must be one of the numeric types (`u32`, `isize`, `f32`, etc.)
[INFO] [stdout] 
[INFO] [stdout] 
[INFO] [stdout] error: invalid suffix `i` for number literal
[INFO] [stdout]   --> src/pin_cracker.rs:69:25
[INFO] [stdout]    |
[INFO] [stdout] 69 |   let first_match = (1i,2i,3i);
[INFO] [stdout]    |                         ^^ invalid suffix `i`
[INFO] [stdout]    |
[INFO] [stdout]    = help: the suffix must be one of the numeric types (`u32`, `isize`, `f32`, etc.)
[INFO] [stdout] 
[INFO] [stdout] 
[INFO] [stdout] error[E0412]: cannot find type `int` in this scope
[INFO] [stdout]   --> src/pin_cracker.rs:47:17
[INFO] [stdout]    |
[INFO] [stdout] 47 | fn crack_pin(x: int, y: int){
[INFO] [stdout]    |                 ^^^
[INFO] [stdout]    |                 |
[INFO] [stdout]    |                 not found in this scope
[INFO] [stdout]    |                 help: perhaps you intended to use this type: `i32`
[INFO] [stdout] 
[INFO] [stdout] 
[INFO] [stdout] error: invalid suffix `i` for number literal
[INFO] [stdout]   --> src/pin_cracker.rs:69:28
[INFO] [stdout]    |
[INFO] [stdout] 69 |   let first_match = (1i,2i,3i);
[INFO] [stdout]    |                            ^^ invalid suffix `i`
[INFO] [stdout]    |
[INFO] [stdout]    = help: the suffix must be one of the numeric types (`u32`, `isize`, `f32`, etc.)
[INFO] [stdout] 
[INFO] [stdout] 
[INFO] [stdout] error[E0412]: cannot find type `int` in this scope
[INFO] [stdout]   --> src/pin_cracker.rs:47:25
[INFO] [stdout]    |
[INFO] [stdout] 47 | fn crack_pin(x: int, y: int){
[INFO] [stdout]    |                         ^^^
[INFO] [stdout]    |                         |
[INFO] [stdout]    |                         not found in this scope
[INFO] [stdout]    |                         help: perhaps you intended to use this type: `i32`
[INFO] [stdout] 
[INFO] [stdout] 
[INFO] [stdout] error: invalid suffix `i` for number literal
[INFO] [stdout]   --> src/pin_cracker.rs:70:23
[INFO] [stdout]    |
[INFO] [stdout] 70 |   let second_match = (1i,2i,3i);
[INFO] [stdout]    |                       ^^ invalid suffix `i`
[INFO] [stdout]    |
[INFO] [stdout]    = help: the suffix must be one of the numeric types (`u32`, `isize`, `f32`, etc.)
[INFO] [stdout] 
[INFO] [stdout] 
[INFO] [stdout] error: invalid suffix `i` for number literal
[INFO] [stdout]   --> src/pin_cracker.rs:70:26
[INFO] [stdout]    |
[INFO] [stdout] 70 |   let second_match = (1i,2i,3i);
[INFO] [stdout]    |                          ^^ invalid suffix `i`
[INFO] [stdout]    |
[INFO] [stdout]    = help: the suffix must be one of the numeric types (`u32`, `isize`, `f32`, etc.)
[INFO] [stdout] 
[INFO] [stdout] 
[INFO] [stdout] error[E0412]: cannot find type `int` in this scope
[INFO] [stdout]   --> src/pin_cracker.rs:55:15
[INFO] [stdout]    |
[INFO] [stdout] 55 | fn add_one(x: int) -> int {
[INFO] [stdout]    |               ^^^
[INFO] [stdout]    |               |
[INFO] [stdout]    |               not found in this scope
[INFO] [stdout]    |               help: perhaps you intended to use this type: `i32`
[INFO] [stdout] 
[INFO] [stdout] 
[INFO] [stdout] error: invalid suffix `i` for number literal
[INFO] [stdout]   --> src/pin_cracker.rs:70:29
[INFO] [stdout]    |
[INFO] [stdout] 70 |   let second_match = (1i,2i,3i);
[INFO] [stdout]    |                             ^^ invalid suffix `i`
[INFO] [stdout]    |
[INFO] [stdout]    = help: the suffix must be one of the numeric types (`u32`, `isize`, `f32`, etc.)
[INFO] [stdout] 
[INFO] [stdout] 
[INFO] [stdout] error[E0412]: cannot find type `int` in this scope
[INFO] [stdout]   --> src/pin_cracker.rs:55:23
[INFO] [stdout]    |
[INFO] [stdout] 55 | fn add_one(x: int) -> int {
[INFO] [stdout]    |                       ^^^
[INFO] [stdout]    |                       |
[INFO] [stdout]    |                       not found in this scope
[INFO] [stdout]    |                       help: perhaps you intended to use this type: `i32`
[INFO] [stdout] 
[INFO] [stdout] 
[INFO] [stdout] error: invalid suffix `i` for number literal
[INFO] [stdout]   --> src/pin_cracker.rs:81:25
[INFO] [stdout]    |
[INFO] [stdout] 81 |   let point = Point {x: 1i, y: 6i};
[INFO] [stdout]    |                         ^^ invalid suffix `i`
[INFO] [stdout]    |
[INFO] [stdout]    = help: the suffix must be one of the numeric types (`u32`, `isize`, `f32`, etc.)
[INFO] [stdout] 
[INFO] [stdout] 
[INFO] [stdout] error: invalid suffix `i` for number literal
[INFO] [stdout]   --> src/pin_cracker.rs:81:32
[INFO] [stdout]    |
[INFO] [stdout] 81 |   let point = Point {x: 1i, y: 6i};
[INFO] [stdout]    |                                ^^ invalid suffix `i`
[INFO] [stdout]    |
[INFO] [stdout]    = help: the suffix must be one of the numeric types (`u32`, `isize`, `f32`, etc.)
[INFO] [stdout] 
[INFO] [stdout] 
[INFO] [stdout] error[E0412]: cannot find type `int` in this scope
[INFO] [stdout]   --> src/pin_cracker.rs:59:16
[INFO] [stdout]    |
[INFO] [stdout] 59 | fn next_two(x: int) -> (int, int) { (x + 1i, x+2i) }
[INFO] [stdout]    |                ^^^
[INFO] [stdout]    |                |
[INFO] [stdout]    |                not found in this scope
[INFO] [stdout]    |                help: perhaps you intended to use this type: `i32`
[INFO] [stdout] 
[INFO] [stdout] 
[INFO] [stdout] error: invalid suffix `i` for number literal
[INFO] [stdout]   --> src/pin_cracker.rs:88:26
[INFO] [stdout]    |
[INFO] [stdout] 88 |   let y = if five < 10 { 10i } else { 5i };
[INFO] [stdout]    |                          ^^^ invalid suffix `i`
[INFO] [stdout]    |
[INFO] [stdout]    = help: the suffix must be one of the numeric types (`u32`, `isize`, `f32`, etc.)
[INFO] [stdout] 
[INFO] [stdout] 
[INFO] [stdout] error[E0412]: cannot find type `int` in this scope
[INFO] [stdout]   --> src/pin_cracker.rs:59:25
[INFO] [stdout]    |
[INFO] [stdout] 59 | fn next_two(x: int) -> (int, int) { (x + 1i, x+2i) }
[INFO] [stdout]    |                         ^^^
[INFO] [stdout]    |                         |
[INFO] [stdout]    |                         not found in this scope
[INFO] [stdout]    |                         help: perhaps you intended to use this type: `i32`
[INFO] [stdout] 
[INFO] [stdout] 
[INFO] [stdout] error: invalid suffix `i` for number literal
[INFO] [stdout]   --> src/pin_cracker.rs:88:39
[INFO] [stdout]    |
[INFO] [stdout] 88 |   let y = if five < 10 { 10i } else { 5i };
[INFO] [stdout]    |                                       ^^ invalid suffix `i`
[INFO] [stdout]    |
[INFO] [stdout]    = help: the suffix must be one of the numeric types (`u32`, `isize`, `f32`, etc.)
[INFO] [stdout] 
[INFO] [stdout] 
[INFO] [stdout] error[E0412]: cannot find type `int` in this scope
[INFO] [stdout]   --> src/pin_cracker.rs:59:30
[INFO] [stdout]    |
[INFO] [stdout] 59 | fn next_two(x: int) -> (int, int) { (x + 1i, x+2i) }
[INFO] [stdout]    |                              ^^^
[INFO] [stdout]    |                              |
[INFO] [stdout]    |                              not found in this scope
[INFO] [stdout]    |                              help: perhaps you intended to use this type: `i32`
[INFO] [stdout] 
[INFO] [stdout] 
[INFO] [stdout] error: invalid suffix `i` for number literal
[INFO] [stdout]    --> src/pin_cracker.rs:107:35
[INFO] [stdout]     |
[INFO] [stdout] 107 |   let (thing1, thing2) = next_two(5i);
[INFO] [stdout]     |                                   ^^ invalid suffix `i`
[INFO] [stdout]     |
[INFO] [stdout]     = help: the suffix must be one of the numeric types (`u32`, `isize`, `f32`, etc.)
[INFO] [stdout] 
[INFO] [stdout] 
[INFO] [stdout] error: invalid suffix `i` for number literal
[INFO] [stdout]    --> src/pin_cracker.rs:112:16
[INFO] [stdout]     |
[INFO] [stdout] 112 |   let matchy = 15i;
[INFO] [stdout]     |                ^^^ invalid suffix `i`
[INFO] [stdout]     |
[INFO] [stdout]     = help: the suffix must be one of the numeric types (`u32`, `isize`, `f32`, etc.)
[INFO] [stdout] 
[INFO] [stdout] 
[INFO] [stdout] error[E0412]: cannot find type `int` in this scope
[INFO] [stdout]   --> src/pin_cracker.rs:60:26
[INFO] [stdout]    |
[INFO] [stdout] 60 | fn print_something(code: int){
[INFO] [stdout]    |                          ^^^
[INFO] [stdout]    |                          |
[INFO] [stdout]    |                          not found in this scope
[INFO] [stdout]    |                          help: perhaps you intended to use this type: `i32`
[INFO] [stdout] 
[INFO] [stdout] 
[INFO] [stdout] error: invalid suffix `i` for number literal
[INFO] [stdout]    --> src/pin_cracker.rs:126:18
[INFO] [stdout]     |
[INFO] [stdout] 126 |   for x in range(0i, 10i) {
[INFO] [stdout]     |                  ^^ invalid suffix `i`
[INFO] [stdout]     |
[INFO] [stdout]     = help: the suffix must be one of the numeric types (`u32`, `isize`, `f32`, etc.)
[INFO] [stdout] 
[INFO] [stdout] 
[INFO] [stdout] error: invalid suffix `i` for number literal
[INFO] [stdout]    --> src/pin_cracker.rs:126:22
[INFO] [stdout]     |
[INFO] [stdout] 126 |   for x in range(0i, 10i) {
[INFO] [stdout]     |                      ^^^ invalid suffix `i`
[INFO] [stdout]     |
[INFO] [stdout]     = help: the suffix must be one of the numeric types (`u32`, `isize`, `f32`, etc.)
[INFO] [stdout] 
[INFO] [stdout] 
[INFO] [stdout] error[E0412]: cannot find type `int` in this scope
[INFO] [stdout]   --> src/pin_cracker.rs:86:24
[INFO] [stdout]    |
[INFO] [stdout] 86 | fn if_else_value(five: int) {
[INFO] [stdout]    |                        ^^^
[INFO] [stdout]    |                        |
[INFO] [stdout]    |                        not found in this scope
[INFO] [stdout]    |                        help: perhaps you intended to use this type: `i32`
[INFO] [stdout] 
[INFO] [stdout] 
[INFO] [stdout] error: invalid suffix `i` for number literal
[INFO] [stdout]    --> src/pin_cracker.rs:148:23
[INFO] [stdout]     |
[INFO] [stdout] 148 |   let mut nums = vec![1i, 2i, 7i];
[INFO] [stdout]     |                       ^^ invalid suffix `i`
[INFO] [stdout]     |
[INFO] [stdout]     = help: the suffix must be one of the numeric types (`u32`, `isize`, `f32`, etc.)
[INFO] [stdout] 
[INFO] [stdout] 
[INFO] [stdout] error[E0425]: cannot find function, tuple struct or tuple variant `Value` in this scope
[INFO] [stdout]   --> src/pin_cracker.rs:93:20
[INFO] [stdout]    |
[INFO] [stdout] 93 |   let real_value = Value(5);
[INFO] [stdout]    |                    ^^^^^ not found in this scope
[INFO] [stdout]    |
[INFO] [stdout] help: consider importing this tuple variant
[INFO] [stdout]    |
[INFO] [stdout] 1  + use OptionalInt::Value;
[INFO] [stdout]    |
[INFO] [stdout] 
[INFO] [stdout] 
[INFO] [stdout] error: invalid suffix `i` for number literal
[INFO] [stdout]    --> src/pin_cracker.rs:148:27
[INFO] [stdout]     |
[INFO] [stdout] 148 |   let mut nums = vec![1i, 2i, 7i];
[INFO] [stdout]     |                           ^^ invalid suffix `i`
[INFO] [stdout]     |
[INFO] [stdout]     = help: the suffix must be one of the numeric types (`u32`, `isize`, `f32`, etc.)
[INFO] [stdout] 
[INFO] [stdout] 
[INFO] [stdout] error: invalid suffix `i` for number literal
[INFO] [stdout]    --> src/pin_cracker.rs:148:31
[INFO] [stdout]     |
[INFO] [stdout] 148 |   let mut nums = vec![1i, 2i, 7i];
[INFO] [stdout]     |                               ^^ invalid suffix `i`
[INFO] [stdout]     |
[INFO] [stdout]     = help: the suffix must be one of the numeric types (`u32`, `isize`, `f32`, etc.)
[INFO] [stdout] 
[INFO] [stdout] 
[INFO] [stdout] error[E0425]: cannot find value `Missing` in this scope
[INFO] [stdout]   --> src/pin_cracker.rs:94:20
[INFO] [stdout]    |
[INFO] [stdout] 94 |   let fake_value = Missing;
[INFO] [stdout]    |                    ^^^^^^^ not found in this scope
[INFO] [stdout]    |
[INFO] [stdout] help: consider importing this unit variant
[INFO] [stdout]    |
[INFO] [stdout] 1  + use OptionalInt::Missing;
[INFO] [stdout]    |
[INFO] [stdout] 
[INFO] [stdout] 
[INFO] [stdout] error: invalid suffix `i` for number literal
[INFO] [stdout]    --> src/pin_cracker.rs:149:13
[INFO] [stdout]     |
[INFO] [stdout] 149 |   nums.push(4i);
[INFO] [stdout]     |             ^^ invalid suffix `i`
[INFO] [stdout]     |
[INFO] [stdout]     = help: the suffix must be one of the numeric types (`u32`, `isize`, `f32`, etc.)
[INFO] [stdout] 
[INFO] [stdout] 
[INFO] [stdout] error[E0531]: cannot find tuple struct or tuple variant `Value` in this scope
[INFO] [stdout]   --> src/pin_cracker.rs:97:5
[INFO] [stdout]    |
[INFO] [stdout] 97 |     Value(n) => println!("x is {:d}", n),
[INFO] [stdout]    |     ^^^^^ not found in this scope
[INFO] [stdout]    |
[INFO] [stdout] help: consider importing this tuple variant
[INFO] [stdout]    |
[INFO] [stdout] 1  + use OptionalInt::Value;
[INFO] [stdout]    |
[INFO] [stdout] 
[INFO] [stdout] 
[INFO] [stdout] error[E0531]: cannot find tuple struct or tuple variant `Value` in this scope
[INFO] [stdout]    --> src/pin_cracker.rs:101:5
[INFO] [stdout]     |
[INFO] [stdout] 101 |     Value(n) => println!("x ix {:d}", n),
[INFO] [stdout]     |     ^^^^^ not found in this scope
[INFO] [stdout]     |
[INFO] [stdout] help: consider importing this tuple variant
[INFO] [stdout]     |
[INFO] [stdout] 1   + use OptionalInt::Value;
[INFO] [stdout]     |
[INFO] [stdout] 
[INFO] [stdout] 
[INFO] [stdout] error[E0425]: cannot find function `range` in this scope
[INFO] [stdout]    --> src/pin_cracker.rs:126:12
[INFO] [stdout]     |
[INFO] [stdout] 126 |   for x in range(0i, 10i) {
[INFO] [stdout]     |            ^^^^^ not found in this scope
[INFO] [stdout]     |
[INFO] [stdout] help: consider importing this function
[INFO] [stdout]     |
[INFO] [stdout] 1   + use std::slice::range;
[INFO] [stdout]     |
[INFO] [stdout] 
[INFO] [stdout] 
[INFO] [stdout] error: invalid suffix `i` for number literal
[INFO] [stdout]   --> src/pin_cracker.rs:17:23
[INFO] [stdout]    |
[INFO] [stdout] 17 |   let (code, five) = (111995i, 5i);
[INFO] [stdout]    |                       ^^^^^^^ invalid suffix `i`
[INFO] [stdout]    |
[INFO] [stdout]    = help: the suffix must be one of the numeric types (`u32`, `isize`, `f32`, etc.)
[INFO] [stdout] 
[INFO] [stdout] 
[INFO] [stdout] error: invalid suffix `i` for number literal
[INFO] [stdout]   --> src/pin_cracker.rs:17:32
[INFO] [stdout]    |
[INFO] [stdout] 17 |   let (code, five) = (111995i, 5i);
[INFO] [stdout]    |                                ^^ invalid suffix `i`
[INFO] [stdout]    |
[INFO] [stdout]    = help: the suffix must be one of the numeric types (`u32`, `isize`, `f32`, etc.)
[INFO] [stdout] 
[INFO] [stdout] 
[INFO] [stdout] error: invalid suffix `i` for number literal
[INFO] [stdout]   --> src/pin_cracker.rs:48:19
[INFO] [stdout]    |
[INFO] [stdout] 48 |   let mut guess = 1i;
[INFO] [stdout]    |                   ^^ invalid suffix `i`
[INFO] [stdout]    |
[INFO] [stdout]    = help: the suffix must be one of the numeric types (`u32`, `isize`, `f32`, etc.)
[INFO] [stdout] 
[INFO] [stdout] 
[INFO] [stdout] error: invalid suffix `i` for number literal
[INFO] [stdout]   --> src/pin_cracker.rs:59:42
[INFO] [stdout]    |
[INFO] [stdout] 59 | fn next_two(x: int) -> (int, int) { (x + 1i, x+2i) }
[INFO] [stdout]    |                                          ^^ invalid suffix `i`
[INFO] [stdout]    |
[INFO] [stdout]    = help: the suffix must be one of the numeric types (`u32`, `isize`, `f32`, etc.)
[INFO] [stdout] 
[INFO] [stdout] 
[INFO] [stdout] error: invalid suffix `i` for number literal
[INFO] [stdout]   --> src/pin_cracker.rs:59:48
[INFO] [stdout]    |
[INFO] [stdout] 59 | fn next_two(x: int) -> (int, int) { (x + 1i, x+2i) }
[INFO] [stdout]    |                                                ^^ invalid suffix `i`
[INFO] [stdout]    |
[INFO] [stdout]    = help: the suffix must be one of the numeric types (`u32`, `isize`, `f32`, etc.)
[INFO] [stdout] 
[INFO] [stdout] 
[INFO] [stdout] error: invalid suffix `i` for number literal
[INFO] [stdout]   --> src/pin_cracker.rs:69:22
[INFO] [stdout]    |
[INFO] [stdout] 69 |   let first_match = (1i,2i,3i);
[INFO] [stdout]    |                      ^^ invalid suffix `i`
[INFO] [stdout]    |
[INFO] [stdout]    = help: the suffix must be one of the numeric types (`u32`, `isize`, `f32`, etc.)
[INFO] [stdout] 
[INFO] [stdout] 
[INFO] [stdout] error: invalid suffix `i` for number literal
[INFO] [stdout]   --> src/pin_cracker.rs:69:25
[INFO] [stdout]    |
[INFO] [stdout] 69 |   let first_match = (1i,2i,3i);
[INFO] [stdout]    |                         ^^ invalid suffix `i`
[INFO] [stdout]    |
[INFO] [stdout]    = help: the suffix must be one of the numeric types (`u32`, `isize`, `f32`, etc.)
[INFO] [stdout] 
[INFO] [stdout] 
[INFO] [stdout] error: invalid suffix `i` for number literal
[INFO] [stdout]   --> src/pin_cracker.rs:69:28
[INFO] [stdout]    |
[INFO] [stdout] 69 |   let first_match = (1i,2i,3i);
[INFO] [stdout]    |                            ^^ invalid suffix `i`
[INFO] [stdout]    |
[INFO] [stdout]    = help: the suffix must be one of the numeric types (`u32`, `isize`, `f32`, etc.)
[INFO] [stdout] 
[INFO] [stdout] 
[INFO] [stdout] error: invalid suffix `i` for number literal
[INFO] [stdout]   --> src/pin_cracker.rs:70:23
[INFO] [stdout]    |
[INFO] [stdout] 70 |   let second_match = (1i,2i,3i);
[INFO] [stdout]    |                       ^^ invalid suffix `i`
[INFO] [stdout]    |
[INFO] [stdout]    = help: the suffix must be one of the numeric types (`u32`, `isize`, `f32`, etc.)
[INFO] [stdout] 
[INFO] [stdout] 
[INFO] [stdout] error: invalid suffix `i` for number literal
[INFO] [stdout]   --> src/pin_cracker.rs:70:26
[INFO] [stdout]    |
[INFO] [stdout] 70 |   let second_match = (1i,2i,3i);
[INFO] [stdout]    |                          ^^ invalid suffix `i`
[INFO] [stdout]    |
[INFO] [stdout]    = help: the suffix must be one of the numeric types (`u32`, `isize`, `f32`, etc.)
[INFO] [stdout] 
[INFO] [stdout] 
[INFO] [stdout] error: invalid suffix `i` for number literal
[INFO] [stdout]   --> src/pin_cracker.rs:70:29
[INFO] [stdout]    |
[INFO] [stdout] 70 |   let second_match = (1i,2i,3i);
[INFO] [stdout]    |                             ^^ invalid suffix `i`
[INFO] [stdout]    |
[INFO] [stdout]    = help: the suffix must be one of the numeric types (`u32`, `isize`, `f32`, etc.)
[INFO] [stdout] 
[INFO] [stdout] 
[INFO] [stdout] error: invalid suffix `i` for number literal
[INFO] [stdout]   --> src/pin_cracker.rs:81:25
[INFO] [stdout]    |
[INFO] [stdout] 81 |   let point = Point {x: 1i, y: 6i};
[INFO] [stdout]    |                         ^^ invalid suffix `i`
[INFO] [stdout]    |
[INFO] [stdout]    = help: the suffix must be one of the numeric types (`u32`, `isize`, `f32`, etc.)
[INFO] [stdout] 
[INFO] [stdout] 
[INFO] [stdout] error: invalid suffix `i` for number literal
[INFO] [stdout]   --> src/pin_cracker.rs:81:32
[INFO] [stdout]    |
[INFO] [stdout] 81 |   let point = Point {x: 1i, y: 6i};
[INFO] [stdout]    |                                ^^ invalid suffix `i`
[INFO] [stdout]    |
[INFO] [stdout]    = help: the suffix must be one of the numeric types (`u32`, `isize`, `f32`, etc.)
[INFO] [stdout] 
[INFO] [stdout] 
[INFO] [stdout] error: invalid suffix `i` for number literal
[INFO] [stdout]   --> src/pin_cracker.rs:88:26
[INFO] [stdout]    |
[INFO] [stdout] 88 |   let y = if five < 10 { 10i } else { 5i };
[INFO] [stdout]    |                          ^^^ invalid suffix `i`
[INFO] [stdout]    |
[INFO] [stdout]    = help: the suffix must be one of the numeric types (`u32`, `isize`, `f32`, etc.)
[INFO] [stdout] 
[INFO] [stdout] 
[INFO] [stdout] error: invalid suffix `i` for number literal
[INFO] [stdout]   --> src/pin_cracker.rs:88:39
[INFO] [stdout]    |
[INFO] [stdout] 88 |   let y = if five < 10 { 10i } else { 5i };
[INFO] [stdout]    |                                       ^^ invalid suffix `i`
[INFO] [stdout]    |
[INFO] [stdout]    = help: the suffix must be one of the numeric types (`u32`, `isize`, `f32`, etc.)
[INFO] [stdout] 
[INFO] [stdout] 
[INFO] [stdout] error: invalid suffix `i` for number literal
[INFO] [stdout]    --> src/pin_cracker.rs:107:35
[INFO] [stdout]     |
[INFO] [stdout] 107 |   let (thing1, thing2) = next_two(5i);
[INFO] [stdout]     |                                   ^^ invalid suffix `i`
[INFO] [stdout]     |
[INFO] [stdout]     = help: the suffix must be one of the numeric types (`u32`, `isize`, `f32`, etc.)
[INFO] [stdout] 
[INFO] [stdout] 
[INFO] [stdout] error: invalid suffix `i` for number literal
[INFO] [stdout]    --> src/pin_cracker.rs:112:16
[INFO] [stdout]     |
[INFO] [stdout] 112 |   let matchy = 15i;
[INFO] [stdout]     |                ^^^ invalid suffix `i`
[INFO] [stdout]     |
[INFO] [stdout]     = help: the suffix must be one of the numeric types (`u32`, `isize`, `f32`, etc.)
[INFO] [stdout] 
[INFO] [stdout] 
[INFO] [stdout] error: invalid suffix `i` for number literal
[INFO] [stdout]    --> src/pin_cracker.rs:126:18
[INFO] [stdout]     |
[INFO] [stdout] 126 |   for x in range(0i, 10i) {
[INFO] [stdout]     |                  ^^ invalid suffix `i`
[INFO] [stdout]     |
[INFO] [stdout]     = help: the suffix must be one of the numeric types (`u32`, `isize`, `f32`, etc.)
[INFO] [stdout] 
[INFO] [stdout] 
[INFO] [stdout] error: invalid suffix `i` for number literal
[INFO] [stdout]    --> src/pin_cracker.rs:126:22
[INFO] [stdout]     |
[INFO] [stdout] 126 |   for x in range(0i, 10i) {
[INFO] [stdout]     |                      ^^^ invalid suffix `i`
[INFO] [stdout]     |
[INFO] [stdout]     = help: the suffix must be one of the numeric types (`u32`, `isize`, `f32`, etc.)
[INFO] [stdout] 
[INFO] [stdout] 
[INFO] [stdout] error: invalid suffix `i` for number literal
[INFO] [stdout]    --> src/pin_cracker.rs:148:23
[INFO] [stdout]     |
[INFO] [stdout] 148 |   let mut nums = vec![1i, 2i, 7i];
[INFO] [stdout]     |                       ^^ invalid suffix `i`
[INFO] [stdout]     |
[INFO] [stdout]     = help: the suffix must be one of the numeric types (`u32`, `isize`, `f32`, etc.)
[INFO] [stdout] 
[INFO] [stdout] 
[INFO] [stdout] error: invalid suffix `i` for number literal
[INFO] [stdout]    --> src/pin_cracker.rs:148:27
[INFO] [stdout]     |
[INFO] [stdout] 148 |   let mut nums = vec![1i, 2i, 7i];
[INFO] [stdout]     |                           ^^ invalid suffix `i`
[INFO] [stdout]     |
[INFO] [stdout]     = help: the suffix must be one of the numeric types (`u32`, `isize`, `f32`, etc.)
[INFO] [stdout] 
[INFO] [stdout] 
[INFO] [stdout] error: invalid suffix `i` for number literal
[INFO] [stdout]    --> src/pin_cracker.rs:148:31
[INFO] [stdout]     |
[INFO] [stdout] 148 |   let mut nums = vec![1i, 2i, 7i];
[INFO] [stdout]     |                               ^^ invalid suffix `i`
[INFO] [stdout]     |
[INFO] [stdout]     = help: the suffix must be one of the numeric types (`u32`, `isize`, `f32`, etc.)
[INFO] [stdout] 
[INFO] [stdout] 
[INFO] [stdout] error: invalid suffix `i` for number literal
[INFO] [stdout]    --> src/pin_cracker.rs:149:13
[INFO] [stdout]     |
[INFO] [stdout] 149 |   nums.push(4i);
[INFO] [stdout]     |             ^^ invalid suffix `i`
[INFO] [stdout]     |
[INFO] [stdout]     = help: the suffix must be one of the numeric types (`u32`, `isize`, `f32`, etc.)
[INFO] [stdout] 
[INFO] [stdout] 
[INFO] [stdout] error[E0599]: no method named `as_slice` found for struct `String` in the current scope
[INFO] [stdout]    --> src/pin_cracker.rs:140:18
[INFO] [stdout]     |
[INFO] [stdout] 140 |   takes_slice(s1.as_slice());
[INFO] [stdout]     |                  ^^^^^^^^ method not found in `String`
[INFO] [stdout] 
[INFO] [stdout] 
[INFO] [stdout] error[E0599]: no method named `as_slice` found for struct `String` in the current scope
[INFO] [stdout]    --> src/pin_cracker.rs:140:18
[INFO] [stdout]     |
[INFO] [stdout] 140 |   takes_slice(s1.as_slice());
[INFO] [stdout]     |                  ^^^^^^^^ method not found in `String`
[INFO] [stdout] 
[INFO] [stdout] 
[INFO] [stdout] error: aborting due to 45 previous errors
[INFO] [stdout] 
[INFO] [stdout] 
[INFO] [stdout] Some errors have detailed explanations: E0412, E0425, E0463, E0531, E0599.
[INFO] [stdout] 
[INFO] [stdout] For more information about an error, try `rustc --explain E0412`.
[INFO] [stdout] 
[INFO] [stdout] error: aborting due to 45 previous errors
[INFO] [stdout] 
[INFO] [stdout] 
[INFO] [stdout] Some errors have detailed explanations: E0412, E0425, E0463, E0531, E0599.
[INFO] [stdout] 
[INFO] [stdout] For more information about an error, try `rustc --explain E0412`.
[INFO] [stdout] 
[INFO] [stderr] error: could not compile `pin_cracker` (bin "pin_cracker") due to 46 previous errors
[INFO] [stderr] warning: build failed, waiting for other jobs to finish...
[INFO] [stderr] error: could not compile `pin_cracker` (bin "pin_cracker" test) due to 46 previous errors
[INFO] running `Command { std: "docker" "inspect" "487d81a4793011014903e2e8147b2fb2e575b7b2dbe9658281453b728c57d342", kill_on_drop: false }`
[INFO] running `Command { std: "docker" "rm" "-f" "487d81a4793011014903e2e8147b2fb2e575b7b2dbe9658281453b728c57d342", kill_on_drop: false }`
[INFO] [stdout] 487d81a4793011014903e2e8147b2fb2e575b7b2dbe9658281453b728c57d342
